 7*o + 1. Let l be x(-8). Calculate the remainder when 27 is divided by (5 + -6)*l*1.
6
Suppose 82 + 35 = 13*h. Calculate the remainder when 34 is divided by h.
7
Let b(p) = 2*p**3 - 5*p**2 + 4*p - 3. Suppose -18 = 5*d - 3. Let x be (-9)/(d + 0) + 0. What is the remainder when 53 is divided by b(x)?
17
Suppose 0*j + 4 = 2*j. Suppose -p = -3*p + j. Let h(i) = 22*i + 1. Calculate the remainder when h(p) is divided by 8.
7
Suppose -t + 2*k - 28 = -6*t, -5*t - 3*k = -27. Calculate the remainder when t is divided by 2.
0
Let b = 23 - 1. Calculate the remainder when 42 is divided by b.
20
Let c(p) = 3*p - 15. Calculate the remainder when c(11) is divided by 10.
8
Let s(x) = 2*x - 3. Let d be s(3). Suppose 4*i = 3*u + 4 - 0, d*u - 4 = 2*i. What is the remainder when 15 is divided by u?
3
Let k = 0 + 12. Let m be 3/(-5) + k/20. Suppose 3*s + 15 = m, 3*i - 68 = -4*s - s. Calculate the remainder when i is divided by 16.
15
Let z(h) = -2*h**3 + 12*h**2 - 9*h + 2. What is the remainder when z(5) is divided by 4?
3
Suppose -52 + 14 = -b. What is the remainder when b is divided by (-3)/(-1) + 68/4?
18
Let q(h) = -1 - 6*h + 7 - 9. Let o(j) = j**3 + 8*j**2 + 8*j + 1. What is the remainder when o(-6) is divided by q(-2)?
7
Let d(m) be the first derivative of m + 4/3*m**3 + 1 + 0*m**2. What is the remainder when 8 is divided by d(-1)?
3
Let g(k) = 3*k + 7. What is the remainder when g(10) is divided by 20?
17
Suppose -2*r + 24 = 4*r. Calculate the remainder when 37 is divided by r.
1
Suppose 0 = -0*q - q - 16. Let m = q + 33. What is the remainder when m is divided by 9?
8
Suppose -16 = 4*t - 8*t, -y - t = -15. What is the remainder when 86 is divided by y?
9
Suppose -2*q + 11 = r, -5*r + 48 = -0*r + 3*q. Calculate the remainder when 17 is divided by r.
8
Suppose -20 = -3*x - 2*x. Let z = 0 + x. Suppose g - 15 = -4*y, -g - z*y = g - 34. Calculate the remainder when g is divided by 11.
8
Let p(a) = 2*a**2 + 5*a - 6. Suppose -5*z + 19 = 49. What is the remainder when p(z) is divided by 13?
10
Let p = 9 + -6. Suppose -p*x + 375 = 5*s, -3*x + 173 = 4*s - 127. Suppose -5*a + s = -2*q + 5*q, q - 5*a = 25. Calculate the remainder when q is divided by 9.
7
What is the remainder when 53 is divided by (-160)/(-6) + 11/33?
26
Let p = 12 - -25. Calculate the remainder when p is divided by 10.
7
Let y(u) = u**3 - 9*u**2 + 11*u. Calculate the remainder when 47 is divided by y(8).
23
Let v be (-25)/(-2)*(8 - 4). Let p be 4/26 + v/13. Suppose 2*w - 35 = -6*m + 3*m, -w + p*m + 34 = 0. Calculate the remainder when 43 is divided by w.
21
Calculate the remainder when (5348/12)/7 + 1/3 is divided by 11.
9
Suppose -m + 2*q + 18 = 0, -4*m + 2*q + 19 = -35. Let b = 3 + 4. Calculate the remainder when m is divided by b.
5
Calculate the remainder when (-4)/10 - (-212)/5 is divided by 22.
20
Suppose -18 = -3*q - 3. Suppose 40 = 4*j - n, -4*j + 4*n - q = -3*j. Calculate the remainder when 20 is divided by j.
9
Suppose -2*o = -4*o - 2*t + 36, 57 = 3*o + 2*t. Suppose -132 = 5*m - 442. Calculate the remainder when m is divided by o.
20
What is the remainder when 49 is divided by 14 - -4 - (1 + 4)?
10
Let o(y) = y**3 - 3*y**2 - 19*y - 3. What is the remainder when o(7) is divided by (-1 - (-18)/4)*6?
18
What is the remainder when 19 is divided by 15/(-10)*28/(-6)?
5
Let c = -11 + 7. Let x(p) = p**3 + 6*p**2 + 5*p + 4. Calculate the remainder when x(c) is divided by 9.
7
Suppose -b - 54 = -s - 3*b, 246 = 5*s + 2*b. What is the remainder when s is divided by 10?
8
Calculate the remainder when (-2 - -2*17) + -4 is divided by 8.
4
Suppose 2*t = -6*c + 4*c + 10, 19 = 5*t + 2*c. Suppose -7 = b - 3, -t*y + 20 = -2*b. What is the remainder when 15 is divided by y?
3
Let u = 7 + -2. Calculate the remainder when 7 is divided by u.
2
Suppose -2*o = -l - 0*l + 166, 20 = -4*o. Calculate the remainder when l is divided by 40.
36
Suppose -4*r - 4*s + 2*s = -168, 0 = 5*r - 5*s - 225. Calculate the remainder when r is divided by 11.
10
Suppose 2*o = -q + 53, -o + 5*q - 3 + 13 = 0. Suppose 0 = -2*x + 24 + 2. Calculate the remainder when o is divided by x.
12
Calculate the remainder when 93 is divided by (-5516)/(-112) - (-2)/(-8).
44
Suppose -p - 248 = 5*t, -t - 3*p = -3*t - 89. Let y = t + 85. Let q = -16 + y. Calculate the remainder when q is divided by 7.
6
Suppose 3*n - 47 + 209 = 5*h, 4*n = -5*h + 169. What is the remainder when 97 is divided by h?
31
Suppose 5*y - 96 = -l, -6*y + 4*y + 35 = -3*l. Calculate the remainder when 111 is divided by y.
16
Suppose p - 145 = -a - 2*p, -2*a - p = -290. Suppose -a = 5*g - 410. What is the remainder when g is divided by 14?
11
Let i = 42 - 6. Suppose 0 = -2*p + 16 + i. Suppose 30 = 4*z - 6. Calculate the remainder when p is divided by z.
8
Calculate the remainder when (0 + 3)*(9 + -8) is divided by 1.
0
Let n(l) = -l + 35. What is the remainder when 76 is divided by n(15)?
16
Let v = -2 + 0. Calculate the remainder when 29 is divided by -3 - (v + -3) - -14.
13
Let f = 24 + -19. Suppose 2*r + 2*v = f*v - 3, 5*v - 43 = -3*r. What is the remainder when 9 is divided by r?
3
Suppose 2*d = -3*d - 10, -2*k + 3*d = 54. Calculate the remainder when (1 + k/(-4))*4 is divided by 19.
15
Let y = 8 - 8. Let q(t) = -2*t + 33. Calculate the remainder when q(y) is divided by 17.
16
Suppose 2*w - 20 = -2*f, 2*w - 22 = -3*f + 3*w. Let m = 1 + 2. What is the remainder when f is divided by m?
2
Let y = 73 + -64. Calculate the remainder when 78 is divided by y.
6
Suppose 17*b = 13*b + 4. What is the remainder when b is divided by 1?
0
Let z(k) = -2*k + 1. Let m be z(-5). Suppose m + 103 = 3*d. Calculate the remainder when 113 is divided by d.
37
Let z = 7 - 4. Suppose 4*l - 43 = -0*l + 5*d, z*l = -d + 37. What is the remainder when (-2 - -1)*23/(-1) is divided by l?
11
Suppose 3*u + 3*d = 36, u + 3*d = d + 13. Let z = u + -3. What is the remainder when 21 is divided by z?
5
Let a be (32/(-1))/((-1)/4). Suppose 4*b - 5*b - 4*d = 21, a = -4*b - 5*d. Let m = -26 - b. What is the remainder when 21 is divided by m?
10
Let y = -23 - -39. Suppose -5*q + 2*o + 20 = -q, -2*q + 2*o + 8 = 0. Calculate the remainder when y is divided by q.
4
What is the remainder when 145 is divided by (2 + -1)*(31 - -6)?
34
Suppose -3*r = -p + 3, -5 - 7 = 5*r - 4*p. Suppose r = -2*u + 3*u - 14. What is the remainder when 41 is divided by u?
13
Let x = 68 + -42. Let n = -5 - 1. Let y(f) = -f**3 - 6*f**2 - 2*f - 3. Calculate the remainder when x is divided by y(n).
8
Let s be (-18)/(-12) + 117/6. Let t = s - 10. What is the remainder when 20 is divided by t?
9
Suppose 0 = -3*h + 17 + 106. Calculate the remainder when h is divided by (-1 - -1) + (-14)/(-1).
13
Suppose 0 = b - 1 - 3, -5*x + 58 = 2*b. Suppose -3*y = -0*y. Suppose -k - 5*z - 7 = y, 3*k - 7*k - z = -10. Calculate the remainder when x is divided by k.
1
Let v be (-46)/(-10) - 8/(-20). Suppose 5*a + 2*b = 105, 5*a - 105 - v = -3*b. What is the remainder when 37 is divided by a?
18
Suppose 2*s + 2*s - 120 = 0. Calculate the remainder when s is divided by 16.
14
Suppose 2*t - t = 0. Let r = t + 2. Suppose 3*j - 90 = -r*j. What is the remainder when j is divided by 5?
3
Let l be 3 - 1*(3 - 5). Suppose 0 = -l*g - 128 + 363. What is the remainder when g is divided by 16?
15
Let h be (1/2)/((-2)/(-96)). Suppose h = 4*f + 4*x, 5*f + 0*x - 38 = -3*x. What is the remainder when 36 is divided by f?
6
What is the remainder when 159/15 + (-2)/(-5) is divided by (-49)/(-14)*24/14?
5
Let s be (24/3 + 3)/(-1). Let i(l) = -l**2 - 11*l + 10. Let u = 6 - 2. What is the remainder when i(s) is divided by u?
2
Suppose 1153 = -4*j + 1465. Calculate the remainder when j is divided by 0 + 1 + 1*19.
18
Suppose -56 = -7*z + 3*z. Let p(k) = -5*k + 6*k + k**3 + 6*k - 7*k**2 - 8. What is the remainder when p(7) is divided by z?
13
Let t = -3 + 7. Suppose -6*a + t*w = -2*a - 212, 2*a = w + 103. What is the remainder when a is divided by 13?
11
Let c(y) = y**3 - 11*y**2 + 11*y + 14. Calculate the remainder when c(10) is divided by 9.
6
Suppose 3*l = 4*p + 7, 2*l + p - 18 = -3*p. Suppose -4*a - l*v = -248, -276 = -6*a + 2*a + 2*v. What is the remainder when a is divided by 23?
21
Let t = -4 + 16. Let g(d) = -2*d + 13. Calculate the remainder when g(-5) is divided by t.
11
Suppose 0 =